{"id":14,"date":"2010-08-03T22:23:47","date_gmt":"2010-08-03T22:23:47","guid":{"rendered":"http:\/\/michaelbraun.info\/cms\/?page_id=14"},"modified":"2012-02-26T01:59:34","modified_gmt":"2012-02-26T00:59:34","slug":"81975-61984-wittekind-gymnasium-lubbecke","status":"publish","type":"page","link":"http:\/\/michaelbraun.info\/cms\/?page_id=14","title":{"rendered":"08\/1975 &#8211; 06\/1984 Wittekind-Gymnasium L\u00fcbbecke"},"content":{"rendered":"<p>Abschlu\u00df: Abitur (Gesamtnote: 2,5)<br \/>\nLeistungskurse: Mathematik, Chemie<br \/>\nweitere Abiturpr\u00fcfungsf\u00e4cher: Englisch, Geschichte<br \/>\ngro\u00dfes Latinum<\/p>\n<p>Vorhandene Dokumente:<br \/>\n<a href=\"http:\/\/www.michaelbraun.info\/Dokumente\/Abitur.pdf\" title=\"Abiturzeugnis\">Abiturzeugnis<\/a><\/p>\n","protected":false},"excerpt":{"rendered":"<p>Abschlu\u00df: Abitur (Gesamtnote: 2,5) Leistungskurse: Mathematik, Chemie weitere Abiturpr\u00fcfungsf\u00e4cher: Englisch, Geschichte gro\u00dfes Latinum Vorhandene Dokumente: Abiturzeugnis<\/p>\n","protected":false},"author":1,"featured_media":0,"parent":6,"menu_order":2,"comment_status":"closed","ping_status":"closed","template":"","meta":{"footnotes":""},"class_list":["post-14","page","type-page","status-publish","hentry"],"_links":{"self":[{"href":"http:\/\/michaelbraun.info\/cms\/index.php?rest_route=\/wp\/v2\/pages\/14"}],"collection":[{"href":"http:\/\/michaelbraun.info\/cms\/index.php?rest_route=\/wp\/v2\/pages"}],"about":[{"href":"http:\/\/michaelbraun.info\/cms\/index.php?rest_route=\/wp\/v2\/types\/page"}],"author":[{"embeddable":true,"href":"http:\/\/michaelbraun.info\/cms\/index.php?rest_route=\/wp\/v2\/users\/1"}],"replies":[{"embeddable":true,"href":"http:\/\/michaelbraun.info\/cms\/index.php?rest_route=%2Fwp%2Fv2%2Fcomments&post=14"}],"version-history":[{"count":0,"href":"http:\/\/michaelbraun.info\/cms\/index.php?rest_route=\/wp\/v2\/pages\/14\/revisions"}],"up":[{"embeddable":true,"href":"http:\/\/michaelbraun.info\/cms\/index.php?rest_route=\/wp\/v2\/pages\/6"}],"wp:attachment":[{"href":"http:\/\/michaelbraun.info\/cms\/index.php?rest_route=%2Fwp%2Fv2%2Fmedia&parent=14"}],"curies":[{"name":"wp","href":"https:\/\/api.w.org\/{rel}","templated":true}]}}